{"id":476,"date":"2015-07-05T12:48:50","date_gmt":"2015-07-05T12:48:50","guid":{"rendered":"http:\/\/verlag-siebzehn.de\/?page_id=476"},"modified":"2026-02-16T14:47:28","modified_gmt":"2026-02-16T14:47:28","slug":"charaktere","status":"publish","type":"page","link":"https:\/\/verlag-siebzehn.de\/?page_id=476","title":{"rendered":"Personen"},"content":{"rendered":"\n<h5 class=\"wp-block-heading\">&nbsp;<\/h5>\n\n\n\n<h2 class=\"wp-block-heading alignwide\" id=\"we-re-a-studio-in-berlin-with-an-international-practice-in-architecture-urban-planning-and-interior-design-we-believe-in-sharing-knowledge-and-promoting-dialogue-to-increase-the-creative-potential-of-collaboration\" style=\"font-size:30px;line-height:1.1\"><strong><span style=\"color: #003366;\">Sehr geehrte Damen und Herren,<\/span><\/strong><\/h2>\n\n\n\n<p><\/p>\n\n\n\n<pre class=\"wp-block-preformatted\"><span style=\"color: #003366;\">hier wollen wir Ihnen die M\u00f6glichkeit geben, einige Personen kennenzulernen, die mit unserem Verlag auf diese oder jene Weise verbunden sind. Wir danken f\u00fcr Ihr Interesse.<\/span><\/pre>\n\n\n\n<figure class=\"wp-block-image alignnone wp-image-1089 size-large\"><img decoding=\"async\" loading=\"lazy\" width=\"1024\" height=\"754\" src=\"https:\/\/verlag-siebzehn.de\/wp-content\/uploads\/2015\/07\/Heinrich-Waegner-Foto-Verlag-Siebzehn-Siegen-2016.jpg-1024x754.jpg\" alt=\"Heinrich Waegner, Foto Verlag Siebzehn, Siegen 2016.jpg\" class=\"wp-image-1089\" srcset=\"https:\/\/verlag-siebzehn.de\/wp-content\/uploads\/2015\/07\/Heinrich-Waegner-Foto-Verlag-Siebzehn-Siegen-2016.jpg-1024x754.jpg 1024w, https:\/\/verlag-siebzehn.de\/wp-content\/uploads\/2015\/07\/Heinrich-Waegner-Foto-Verlag-Siebzehn-Siegen-2016.jpg-300x221.jpg 300w, https:\/\/verlag-siebzehn.de\/wp-content\/uploads\/2015\/07\/Heinrich-Waegner-Foto-Verlag-Siebzehn-Siegen-2016.jpg.jpg 1626w\" sizes=\"(max-width: 1024px) 100vw, 1024px\" \/><figcaption class=\"wp-element-caption\">Heinrich Waegner, Foto: Verlag Siebzehn, Siegen 2016<\/figcaption><\/figure>\n\n\n\n<h2 class=\"wp-block-heading alignwide has-black-color has-text-color\" id=\"we-re-a-studio-in-berlin-with-an-international-practice-in-architecture-urban-planning-and-interior-design-we-believe-in-sharing-knowledge-and-promoting-dialogue-to-increase-the-creative-potential-of-collaboration\" style=\"font-size:30px;line-height:1.1\"><span style=\"color: #003366;\">Heinrich Waegner, Autor, Lyriker<\/span><\/h2>\n\n\n\n<pre class=\"wp-block-preformatted\"><span style=\"color: #003366;\">Ganz ohne Zweifel ist Heinrich Waegner unser Autor der erprobtesten Schultheaterst\u00fccke. Wir sch\u00e4tzen Waegners Werk sehr und verfolgen seine Arbeit seit vielen Jahren. Sein \u201eGuano\u201c gilt vielen Spielleitern bereits heute als Meilenstein der Theaterp\u00e4dagogik. \u201eAufsagetheater\" sind ihm ein Gr\u00e4uel. Seine Inszenierungen und St\u00fccke erz\u00e4hlen Geschichten in Bild- und Handlungsfolgen. \"In seinem Theater wird nicht erkl\u00e4rt, sondern dargestellt\u201c, schrieb die <em>Westf\u00e4lische Rundschau. <\/em>Seine Texte sind direkt und konzeptionell. Sie er\u00f6ffnen viele M\u00f6glichkeiten f\u00fcr ein lebendiges Kinder- und Jugendtheater. Seine St\u00fccke wurden von ihm selbst als Spielleiter bestens erarbeitet und von der Presse gefeiert. Der \u201eSch\u00fclertheater-Guru\u201c, so nannte ihn einmal die Siegener Rundschau, wurde bekannt als Gr\u00fcnder und Leiter der Spielgruppe \u201eTheaterkiste\u201c. Sein St\u00fcck bei uns: \u201eGuano oder die Odyssee der V\u00f6gel\u201c.&nbsp;<\/span>\n\n<\/pre>\n\n\n\n<p>&nbsp;<\/p>\n\n\n\n<figure class=\"wp-block-image alignnone wp-image-1090 size-large\"><img decoding=\"async\" loading=\"lazy\" width=\"1024\" height=\"720\" src=\"https:\/\/verlag-siebzehn.de\/wp-content\/uploads\/2015\/07\/Dr-Ulrike-Sprenger-Universit\u00e4t-Konstanz-2015.jpg-1024x720.jpg\" alt=\"Dr Ulrike Sprenger, Universit\u00e4t Konstanz, 2015.jpg\" class=\"wp-image-1090\" srcset=\"https:\/\/verlag-siebzehn.de\/wp-content\/uploads\/2015\/07\/Dr-Ulrike-Sprenger-Universit\u00e4t-Konstanz-2015.jpg-1024x720.jpg 1024w, https:\/\/verlag-siebzehn.de\/wp-content\/uploads\/2015\/07\/Dr-Ulrike-Sprenger-Universit\u00e4t-Konstanz-2015.jpg-300x211.jpg 300w\" sizes=\"(max-width: 1024px) 100vw, 1024px\" \/><figcaption class=\"wp-element-caption\">Prof. Dr. Ulrike Sprenger, Foto: Universit\u00e4t Konstanz, 2015<\/figcaption><\/figure>\n\n\n\n<h5 class=\"wp-block-heading\">&nbsp;<\/h5>\n\n\n\n<h2 class=\"wp-block-heading alignwide\" id=\"we-re-a-studio-in-berlin-with-an-international-practice-in-architecture-urban-planning-and-interior-design-we-believe-in-sharing-knowledge-and-promoting-dialogue-to-increase-the-creative-potential-of-collaboration\" style=\"font-size:30px;line-height:1.1\"><span style=\"color: #003366;\">Prof. Dr. Ulrike Sprenger, Literaturwissenschaftlerin<\/span><\/h2>\n\n\n\n<p><\/p>\n\n\n\n<pre class=\"wp-block-preformatted\"><span style=\"color: #003366;\">Ulrike Sprenger schrieb f\u00fcr uns \u00fcber Ursula Krechels Theaterst\u00fcck \u201eIch glaub, mich tritt ein Meerschwein\u201c. Das ungew\u00f6hnliche St\u00fcck berichtet von Barbies surrealem Tag an einem sommerlichen Meeresstrand. Es muss Frau Professor Dr. Sprenger ein wirkliches Lesevergn\u00fcgen gewesen sein, denn ihre klugen und sehr informativen Zeilen zum St\u00fcck machen Freude. Ulrike Sprengers Text erkl\u00e4rt uns Figuren und Mittel des \"Meerschwein\" - St\u00fccks. Ihre kluge Analyse findet leichtf\u00fcssig Zugang zu den Inhalten und Dingen dieser r\u00e4tselhaften Welt am Meer. <\/span><\/pre>\n\n\n\n<pre class=\"wp-block-preformatted\"><span style=\"color: #003366;\">Sie lehrt als Professorin f\u00fcr Romanische Literaturen und Allgemeine Literaturwissenschaft an der Universit\u00e4t Konstanz. Just im Jahr der Entstehung und Auszeichnung des Krechel\u00b4schen St\u00fccks erhielt auch sie eine Auszeichnung ihrer Doktorarbeit mit dem Max-Weber-Preis der Bayerischen Akademie der Wissenschaften. <\/span>\n<\/pre>\n\n\n\n<p>&nbsp;<\/p>\n\n\n\n<figure class=\"wp-block-image alignnone wp-image-1091 size-large\"><img decoding=\"async\" loading=\"lazy\" width=\"984\" height=\"1024\" src=\"https:\/\/verlag-siebzehn.de\/wp-content\/uploads\/2015\/07\/Reinhardt-Friese-Theater-Hof-Foto-Alexander-Frydrych-2016.jpg-984x1024.jpg\" alt=\"Reinhardt Friese, Theater Hof, Foto Alexander Frydrych 2016.jpg\" class=\"wp-image-1091\" srcset=\"https:\/\/verlag-siebzehn.de\/wp-content\/uploads\/2015\/07\/Reinhardt-Friese-Theater-Hof-Foto-Alexander-Frydrych-2016.jpg-984x1024.jpg 984w, https:\/\/verlag-siebzehn.de\/wp-content\/uploads\/2015\/07\/Reinhardt-Friese-Theater-Hof-Foto-Alexander-Frydrych-2016.jpg-288x300.jpg 288w\" sizes=\"(max-width: 984px) 100vw, 984px\" \/><figcaption class=\"wp-element-caption\">Reinhardt Friese, Foto: Theater Hof, Alexander Frydrych, 2016<\/figcaption><\/figure>\n\n\n\n<h2 class=\"wp-block-heading alignwide\" id=\"we-re-a-studio-in-berlin-with-an-international-practice-in-architecture-urban-planning-and-interior-design-we-believe-in-sharing-knowledge-and-promoting-dialogue-to-increase-the-creative-potential-of-collaboration\" style=\"font-size:30px;line-height:1.1\"><span style=\"color: #003366;\">Reinhardt Friese<\/span><\/h2>\n\n\n\n<p><\/p>\n\n\n\n<pre class=\"wp-block-preformatted\"><span style=\"color: #003366;\">Kleist glaubte wohl selbst nicht daran, je eine Auff\u00fchrung seiner Trag\u00f6die \u201ePenthesilea\u201c sehen zu k\u00f6nnen. Da behauptete er vorsorglich lieber, das ungeheuerliche St\u00fcck gar nicht erst f\u00fcr die B\u00fchne geschrieben zu haben. Gewalt, brutale \u00dcberw\u00e4ltigung, Unterwerfung, aber auch eine unbegreifliche Liebe, sind Motive des aufw\u00fchlenden St\u00fccks.<\/span><\/pre>\n\n\n\n<pre class=\"wp-block-preformatted\"><span style=\"color: #003366;\">St\u00fccke neu zu deuten, f\u00fcr ein bayerisches Publikum fesselnde Inszenierungen zu erarbeiten, darauf l\u00e4uft es in Reinhardt Frieses Theaterleben in Hof in Oberfranken hinaus. Tag f\u00fcr Tag war der Regisseur und Intendant des Theaters Hof ein Gestalter seines B\u00fchnengeschehens und ein Erfinder akzentuierter Produktionen. Mittlerweile hat er in seinem Theaterleben in summa weit \u00fcber hundert Theaterinszenierungen auf die B\u00fchne gebracht. Nach seinen Engagements in Wiesbaden, Hamburg, G\u00f6ttingen, M\u00fcnchen und Essen \u00fcbernahm er 2012\/2013 die k\u00fcnstlerische Leitung des Theaters in der oberfr\u00e4nkischen Stadt Hof. <\/span>\n<span style=\"color: #003366;\">Wir ver\u00f6ffentlichen erstmals seine konsequente und sehr lesenswerte, mutige Strichfassung der Kleist\u00b4schen \u201ePenthesilea\u201c.<\/span>\n\n<\/pre>\n\n\n\n<figure class=\"wp-block-image alignnone wp-image-1092 size-large\"><img decoding=\"async\" loading=\"lazy\" width=\"1024\" height=\"768\" src=\"https:\/\/verlag-siebzehn.de\/wp-content\/uploads\/2015\/07\/Buchvorstellung-Penthesilea-Theater-Hof-Friese-Poessnecker-N\u00fcrmberger-Stickel-Foto-Sedo-2015.jpg-1024x768.jpg\" alt=\"Buchvorstellung Penthesilea, Theater Hof, Friese, Poessnecker, N\u00fcrmberger, Stickel, Foto Sedo 2015.jpg\" class=\"wp-image-1092\" srcset=\"https:\/\/verlag-siebzehn.de\/wp-content\/uploads\/2015\/07\/Buchvorstellung-Penthesilea-Theater-Hof-Friese-Poessnecker-N\u00fcrmberger-Stickel-Foto-Sedo-2015.jpg-1024x768.jpg 1024w, https:\/\/verlag-siebzehn.de\/wp-content\/uploads\/2015\/07\/Buchvorstellung-Penthesilea-Theater-Hof-Friese-Poessnecker-N\u00fcrmberger-Stickel-Foto-Sedo-2015.jpg-300x225.jpg 300w\" sizes=\"(max-width: 1024px) 100vw, 1024px\" \/><figcaption class=\"wp-element-caption\">Buchvorstellung &#8222;Penthesilea&#8220; im Theater Hof. <br>V.l.n.r.: Peter N\u00fcrmberger, Ulrich Poessnecker, Reinhardt Friese, Marco Stickel. Foto: Ruth Sedo<\/figcaption><\/figure>\n\n\n\n<p><\/p>\n\n\n\n<p><\/p>\n\n\n\n<p><\/p>\n\n\n\n<h2 class=\"wp-block-heading alignwide\" id=\"we-re-a-studio-in-berlin-with-an-international-practice-in-architecture-urban-planning-and-interior-design-we-believe-in-sharing-knowledge-and-promoting-dialogue-to-increase-the-creative-potential-of-collaboration\" style=\"font-size:30px;line-height:1.1\"><span style=\"color: #003366;\">Ulrich Poessnecker, Theaterp\u00e4dagoge, Spielleiter, Maler<\/span><\/h2>\n\n\n\n<p><\/p>\n\n\n\n<figure class=\"wp-block-image alignnone wp-image-1093 size-large\"><img decoding=\"async\" loading=\"lazy\" width=\"1024\" height=\"768\" src=\"https:\/\/verlag-siebzehn.de\/wp-content\/uploads\/2015\/07\/Ulrich-Poessnecker-Foto-Christian-Klein-W\u00fcrzburg-2017-1024x768.jpg\" alt=\"Ulrich Poessnecker, Foto Christian Klein, W\u00fcrzburg 2017\" class=\"wp-image-1093\" srcset=\"https:\/\/verlag-siebzehn.de\/wp-content\/uploads\/2015\/07\/Ulrich-Poessnecker-Foto-Christian-Klein-W\u00fcrzburg-2017-1024x768.jpg 1024w, https:\/\/verlag-siebzehn.de\/wp-content\/uploads\/2015\/07\/Ulrich-Poessnecker-Foto-Christian-Klein-W\u00fcrzburg-2017-300x225.jpg 300w, https:\/\/verlag-siebzehn.de\/wp-content\/uploads\/2015\/07\/Ulrich-Poessnecker-Foto-Christian-Klein-W\u00fcrzburg-2017.jpg 2016w\" sizes=\"(max-width: 1024px) 100vw, 1024px\" \/><figcaption class=\"wp-element-caption\">Ulrich Poessnecker, Foto: Christian Klein, Wuppertal 2017<\/figcaption><\/figure>\n\n\n\n<h5 class=\"wp-block-heading\">&nbsp;<\/h5>\n\n\n\n<pre class=\"wp-block-preformatted\"><span style=\"color: #000000;\"><span style=\"color: #003366;\">Ulrich Poessnecker war seit 1993 im schulischen und au\u00dferschulischen Raum als Theaterspielleiter und Theaterp\u00e4dagoge aktiv. Besch\u00e4ftigt als Workshopleiter an Theatern oder Schulen, zudem als freier Regisseur des Off-Theaters. Nach Einf\u00fchrung des abiturrelevanten Faches \"Darstellendes Spiel\" Unterrichtender auch in diesem Bereich<\/span><\/span>.\n\n<span style=\"color: #000000;\"><span style=\"color: #003366;\">Einen pr\u00e4genden Impuls im Blick auf die freie Theaterarbeit erhielt Ulrich Poessnecker durch die Kooperation mit niederl\u00e4ndischen Theatermachern.  <\/span><\/span>\n\n<span style=\"color: #000000;\"><span style=\"color: #003366;\">\u00dcber 45 Theater - Inszenierungen waren in seiner Regie bis 2019 zu sehen. Mehrere wurden ausgezeichnet. Die Wiesbadener Journalistin Marianne Kreikenbom schrieb \u00fcber seinen Stil, St\u00fccke zu gestalten: \"immer f\u00fcr eine \u00dcberraschung gut, kreativ und zeitgem\u00e4\u00df, mit Witz und einem kr\u00e4ftigen Schuss erkennbarer Gegenwart\". \"Experimentierfreudig und provokativ\" formulierte die Frankfurter Rundschau in einer Kritik. Zudem war Poessnecker zwischen 1994 und 2014 in verschiedenen Funktionen f\u00fcr das Hessische Kultusministerium, zuletzt als Koordinator f\u00fcr Kunst und Musik t\u00e4tig. Seit Sommer 2019 widmet er sich ganz der Malerei.<\/span><\/span>\n\n<\/pre>\n\n\n\n<figure class=\"wp-block-image size-large is-resized\"><a href=\"https:\/\/verlag-siebzehn.de\/wp-content\/uploads\/2014\/08\/Verlag-Siebzehn-Logo-2014.jpg\"><img decoding=\"async\" loading=\"lazy\" src=\"https:\/\/verlag-siebzehn.de\/wp-content\/uploads\/2014\/08\/Verlag-Siebzehn-Logo-2014-1024x329.jpg\" alt=\"\" class=\"wp-image-693\" width=\"224\" height=\"71\" srcset=\"https:\/\/verlag-siebzehn.de\/wp-content\/uploads\/2014\/08\/Verlag-Siebzehn-Logo-2014-1024x329.jpg 1024w, https:\/\/verlag-siebzehn.de\/wp-content\/uploads\/2014\/08\/Verlag-Siebzehn-Logo-2014-300x96.jpg 300w\" sizes=\"(max-width: 224px) 100vw, 224px\" \/><\/a><\/figure>\n\n\n\n<p><\/p>\n\n\n\n<h5 class=\"wp-block-heading\">&nbsp;<\/h5>\n\n\n\n<pre class=\"wp-block-preformatted\"><span style=\"color: #003366;\">Nachdruck von Texten oder Fotos und Spiegeln von Texten auf Webseiten nur mit schriftlicher Genehmigung durch Verlag Siebzehn \/ Atelier Poessnecker.<\/span><\/pre>\n\n\n\n<p><\/p>\n","protected":false},"excerpt":{"rendered":"<p>&nbsp; Sehr geehrte Damen und Herren, hier wollen wir Ihnen die M\u00f6glichkeit geben, einige Personen kennenzulernen, die mit unserem Verlag auf diese oder jene Weise verbunden sind. Wir danken f\u00fcr Ihr Interesse. Heinrich Waegner, Autor, Lyriker Ganz ohne Zweifel ist Heinrich Waegner unser Autor der erprobtesten Schultheaterst\u00fccke. Wir sch\u00e4tzen Waegners Werk sehr und verfolgen seine &#8230; <span class=\"more\"><a class=\"more-link\" href=\"https:\/\/verlag-siebzehn.de\/?page_id=476\">[Read more&#8230;]<\/a><\/span><\/p>\n","protected":false},"author":1,"featured_media":0,"parent":0,"menu_order":6,"comment_status":"closed","ping_status":"closed","template":"","meta":[],"_links":{"self":[{"href":"https:\/\/verlag-siebzehn.de\/index.php?rest_route=\/wp\/v2\/pages\/476"}],"collection":[{"href":"https:\/\/verlag-siebzehn.de\/index.php?rest_route=\/wp\/v2\/pages"}],"about":[{"href":"https:\/\/verlag-siebzehn.de\/index.php?rest_route=\/wp\/v2\/types\/page"}],"author":[{"embeddable":true,"href":"https:\/\/verlag-siebzehn.de\/index.php?rest_route=\/wp\/v2\/users\/1"}],"replies":[{"embeddable":true,"href":"https:\/\/verlag-siebzehn.de\/index.php?rest_route=%2Fwp%2Fv2%2Fcomments&post=476"}],"version-history":[{"count":46,"href":"https:\/\/verlag-siebzehn.de\/index.php?rest_route=\/wp\/v2\/pages\/476\/revisions"}],"predecessor-version":[{"id":1360,"href":"https:\/\/verlag-siebzehn.de\/index.php?rest_route=\/wp\/v2\/pages\/476\/revisions\/1360"}],"wp:attachment":[{"href":"https:\/\/verlag-siebzehn.de\/index.php?rest_route=%2Fwp%2Fv2%2Fmedia&parent=476"}],"curies":[{"name":"wp","href":"https:\/\/api.w.org\/{rel}","templated":true}]}}